 5 and x?
1
Let q = -310 + 367. Calculate the highest common divisor of q and 969.
57
Let s be 276/(-14)*-1*14. Let o be (1116/198)/31 + (-130)/(-33)*3. What is the greatest common factor of s and o?
12
Let x be (-28 + (1 - -2))*(-196)/35. What is the greatest common factor of x and 1190?
70
Suppose 4*k = -4*c + 679 + 3261, -3*k = 5*c - 4915. Calculate the highest common factor of c and 42.
14
Suppose -2*u + 62 = 4*d, 0 = -d + 2*d - 2*u - 18. Suppose -2*s - 1 = 1, 0 = 3*t - s - 217. Calculate the greatest common divisor of d and t.
8
Suppose -16 = -5*l + l. Let u(r) = r**2 + 14*r + 17. Let f be u(-13). What is the greatest common divisor of l and f?
4
Let w = -11 - -15. Suppose -3*d = o - 15, 8 = w*o + 2*d - 42. What is the greatest common divisor of 36 and o?
12
Let j(d) = -d - 2 + 2 + 4 + 2. Let r be j(0). Suppose -s = 4 - 16. What is the highest common divisor of r and s?
6
Suppose -b - z = -0*z - 38, 184 = 5*b - z. Calculate the highest common factor of b and 37.
37
Let q = 11 - 20. Let i(a) = -a**2 - 9*a + 9. Let p be i(q). Suppose 2*k - 4*y + 4 = -2*k, -y + p = 3*k. Calculate the greatest common divisor of 6 and k.
2
Suppose 2*q = 2*m + 7*q - 116, 0 = -3*m - 3*q + 183. Let k(y) = -9*y - 174. Let n be k(-24). Calculate the highest common divisor of n and m.
21
Let t be ((-2)/6)/((-62)/18972). What is the highest common factor of t and 1275?
51
Suppose 14*b = 64 + 104. What is the highest common factor of b and 27?
3
Let t(b) = b**2 + 8*b - 9. Let c be t(-8). Let r be (6/(-4))/(c/132). What is the greatest common divisor of r and 22?
22
Let y(w) = 93*w**2 + 4*w + 3. Let g be y(-1). Suppose 5*c = 208 + g. What is the greatest common factor of 24 and c?
12
Let u(k) = 40*k**3 + 3*k - 43*k**3 + 0*k. Let q be u(-2). Calculate the greatest common factor of q and 6.
6
Suppose -46 = -s - 3*s + 2*l, 2*s = -2*l + 8. Suppose -2*k - 14 = -4*k. Let b = k + 56. What is the greatest common divisor of b and s?
9
Let i = -48 + 202. Let h = i - 126. Calculate the greatest common factor of 280 and h.
28
Let o = 47 + -40. Suppose 182 = 14*q - o*q. Calculate the highest common factor of q and 78.
26
Suppose -10 = -2*n, 89 = 4*y - 2*n - n. Calculate the highest common factor of 91 and y.
13
Suppose 3*m + 5*h - 32 - 69 = 0, -2*m - 2*h + 70 = 0. What is the greatest common factor of m and 37?
37
Suppose 0 = 7*t - t - 180. Let a be 1/(2/t*1). Suppose 102 = -5*b + 927. Calculate the highest common divisor of a and b.
15
Suppose -2*c = c + 2*n - 669, -2*c = -4*n - 430. Calculate the greatest common divisor of c and 17.
17
Suppose p - 12 = 5*m, 5*p = 4 - 19. Let v be m - (62/2 - 1). Let o be 4/(-6) - 1870/v. Calculate the greatest common divisor of 7 and o.
7
Let f(j) = j - 24. Let a(m) = 5*m - 19. Let d be a(9). Let t be f(d). Calculate the highest common divisor of 2 and t.
2
Let f = 657 + -481. What is the highest common divisor of f and 132?
44
Let t = 2439 - 2401. Calculate the highest common factor of 1007 and t.
19
Let u be (-2 + (2 - 3))/(2 + -3). Let n(l) = 2*l**2 - 4*l + 1. Let b be n(-4). Suppose 5*y - 154 = -b. Calculate the highest common factor of y and u.
3
Suppose q - 14 = 5*h, 4 - 2 = -q + h. Let j = 5 - q. Calculate the greatest common factor of 110 and j.
11
Suppose 5*a + 4*c = 7, -3*a - c + 3*c = 9. Let v = a - -4. Let x = -903 + 904. What is the greatest common factor of v and x?
1
Let a = -11 + 18. Let u = a - 3. Let i(p) = p**3 + p**2 + 2*p - 3. Let m be i(u). Calculate the highest common factor of 17 and m.
17
Suppose -15*c + 19097 - 1637 = 0. Calculate the highest common divisor of 6 and c.
6
Let c(u) = u**2 - 2*u - 11. Let j be c(5). Let a(z) = z**2 + 4*z - j*z - z - 9 + 30. Let r be a(0). Calculate the highest common factor of r and 147.
21
Let g = 20 + -10. Suppose -2*p = p + l - 275, 0 = l - 5. What is the highest common divisor of g and p?
10
Suppose 67 = -58*b + 1691. Calculate the highest common factor of b and 574.
14
Let s(n) = -n**2 - 28*n - 102. Let g be s(-23). What is the highest common factor of 13 and g?
13
Suppose 4*p = -20, -p - 2*p - 13 = 2*w. Let s be w + 63 - 28/7. Calculate the highest common divisor of 40 and s.
20
Suppose -8*p = -4*p - 20. Suppose -p*k + h = 0, 2*h = 2 + 8. What is the greatest common divisor of 4 and k?
1
Let a be (-1)/5 + 2268/(-35). Let b = 197 + a. Calculate the highest common divisor of b and 12.
12
Let x be ((-1)/3)/((-2)/48)*14. What is the greatest common factor of 16 and x?
16
Let z(y) = -y**2 - 19*y - 25. Suppose -3*o - 8*o - 154 = 0. Let b be z(o). Calculate the highest common factor of 15 and b.
15
Let v(i) = -26*i - 3. Let g be v(1). Let a = 39 + g. Calculate the greatest common factor of 90 and a.
10
Suppose 5*a - 7360 = -4*l, 135*a + 5*l = 134*a + 1472. What is the highest common divisor of 23 and a?
23
Let m(v) = 2*v**2 + 4*v - 6. Let f be m(9). Suppose -8*j = -6*j - f. What is the greatest common divisor of 36 and j?
12
Let t be 4/26 - 1672/(-286) - 2. What is the greatest common divisor of t and 11?
1
Let r(a) = -a**3 - 3*a**2 + 3. Suppose 4*b = 6*b + 4. Let z be r(b). Let j be z + -2 - (-1 - 14). What is the greatest common divisor of j and 6?
6
Let h be (5 - 4) + (-6)/3. Let s be 120 + 2 + h + 0. Calculate the greatest common divisor of s and 11.
11
Suppose 5*i = -2*c + 249, -4*i - 312 - 360 = -5*c. What is the highest common divisor of c and 54?
6
Suppose 0 = -3*m + 3 + 33. Suppose -20*l + 15*l - 15 = 0. Let g be ((-16)/m)/(1/l). Calculate the highest common factor of g and 20.
4
Let w(k) = k - 2. Let t be w(7). Let r = -266 - -501. Suppose -140 = -t*n + r. What is the greatest common divisor of 50 and n?
25
Suppose -2*l = -7*l - 5*q + 1120, 2*q = l - 212. Calculate the greatest common factor of 55 and l.
55
Let g(q) = 2*q**2 - 8*q - 7. Let a be g(5). Suppose -i + 120 = 3*j, 8*i - j - 600 = a*i. What is the highest common divisor of 24 and i?
24
Let i = 1 - -4. Let k = 332 - 92. Let f be -3 + k/4 + -2. What is the greatest common factor of i and f?
5
Let g(o) = 2*o**3 + 4*o**2 - 9*o. Let u be g(-3). Let z be 10/15 + 482/6. Calculate the highest common factor of z and u.
9
Let f be 2 - (2 - 23/1). Let r = 53 - f. Let i = r - 29. What is the highest common factor of 3 and i?
1
Let t be (1/1)/(-1)*(-1 + 3). Let k be (6/t)/(13/(-65)). Calculate the greatest common divisor of k and 45.
15
Let m(r) = r + 4. Let i be m(-2). Suppose -i*k = 4*p - 0*p - 16, 5*p = k - 22. Calculate the highest common divisor of 108 and k.
12
Let a = -220 - -225. What is the greatest common divisor of a and 320?
5
Suppose -2*g - 5*q = -3*g + 31, -5*g + 2*q = -86. What is the highest common factor of g and 288?
16
Suppose 0 = -4*c + 4*x + 344, 3*c - 107 - 151 = -x. Let r = -56 + c. Let l be 2/(-5) - 204/(-10). Calculate the greatest common divisor of r and l.
10
Let m(h) = -h**2 + 11*h - 15. Let p be m(6). What is the highest common divisor of 360 and p?
15
Let c(b) = b**3 + 7*b**2 + 7*b - 8. Let j be c(-6). Let r = -7 - j. What is the highest common divisor of 42 and r?
7
Suppose 0 = 5*m - r + 51, -9 = -m + 7*r - 2*r. Suppose 6*h + 45 = h. Let d = h - m. Calculate the greatest common divisor of d and 2.
2
Let c(h) = 3*h**2 + 7*h + 8. Let z be c(-6). Let x be 9/15 + z/10. Let y be ((-12)/x + 1)*-8. Calculate the greatest common factor of y and 4.
4
Let g(w) = -5*w + 37. Let o be g(7). Suppose 7*b + 32 = q + 5*b, -o*b = -5*q + 168. What is the greatest common factor of q and 238?
34
Let i be (-4)/(-3)*6 + -4. Let c = i - -8. Let d be 20/6*288/10. Calculate the greatest common divisor of c and d.
12
Suppose 5*f = 264 + 391. Suppose 5*c + 4*i + f - 619 = 0, -5*c = 2*i - 484. Calculate the greatest common factor of 16 and c.
16
Let l be (-44)/(-6)*(23 - 11). Let b = 49 + -41. Calculate the highest common factor of l and b.
8
Let r = 319 - 303. What is the greatest common factor of r and 464?
16
Suppose -3*z + 42 = 120. Let n be (-32)/(-3)*(-5 - z/4). Let q(o) = 4*o. Let y be q(6). Calculate the highest common factor of n and y.
8
Suppose -2*k + 56 = -4*r, 0 = k - 5*k - r + 85. Let s be ((-5)/(-15)*0)/(-1). Suppose s = -8*d + 296 + 144. Calculate the highest common factor of d and k.
11
Let l = 255 + -213. Calculate the greatest common factor of 56 and l.
14
Let a(g) = -209*g**3 + g + 1. Let n = -2 + 1. Let u be